 s(-49)?
-6
Let s(i) = 5*i + 52. Calculate s(0).
52
Let f(i) = -i**3 + 11*i**2 - 11*i - 17. What is f(10)?
-27
Let m(v) = -11*v**3 - 4*v - 3. Determine m(-1).
12
Let h(v) = -v**2 + 27*v + 54. What is h(29)?
-4
Let d(k) = 2*k**3 + 3*k**2 - 46*k + 14. Determine d(4).
6
Let c(h) = 2*h**3 + 20*h**2 - 23*h + 6. Give c(-11).
17
Let p(a) = 29*a**2 + 2*a - 2. Determine p(1).
29
Let c(k) = -25*k**2 + k + 3. Calculate c(-2).
-99
Let k(q) = q**2 + 24*q + 68. Determine k(-3).
5
Let z(y) = -y**2 - 10*y + 5. Determine z(-10).
5
Let q(o) = 22*o - 19. Calculate q(1).
3
Let h(w) = -w**3 + 11*w**2 - w - 16. What is h(11)?
-27
Let f(l) = 8*l**2 + 48*l - 10. Calculate f(-6).
-10
Let z(t) = t**3 + 16*t**2 + 7*t + 21. What is z(-16)?
-91
Let t(q) = 3*q**2 + 5*q - 4. Calculate t(1).
4
Let q(x) = x**3 + 2*x - 3. Calculate q(0).
-3
Let b(y) = 63*y**2 - y + 1. Calculate b(1).
63
Let f(o) = -o**2 - 3*o - 7. What is f(-3)?
-7
Let x(w) = 2*w. What is x(-4)?
-8
Let w(o) = o**2 - 66*o - 1314. Calculate w(82).
-2
Let z(d) = -2*d - 7. Determine z(1).
-9
Let w(o) = o + 2. Give w(-16).
-14
Let t(c) = 2*c**2 - 4*c + 1. Give t(4).
17
Let m(f) = 5*f + 3. What is m(-3)?
-12
Let z(g) = -6*g - 33. Give z(-6).
3
Let w(o) = -2*o**2 + 4*o + 22. Calculate w(-3).
-8
Let d(t) = -t**2 - 5*t - 2. Calculate d(-6).
-8
Let z(g) = g**3 - 5*g**2 + 5*g - 8. Determine z(3).
-11
Let z(w) = w**2 + 3*w + 10. Determine z(-2).
8
Let y(z) = z**3 + 4*z**2 + z + 3. What is y(-6)?
-75
Let n(m) = -m**3 + 8*m**2 - 3*m + 11. Give n(8).
-13
Let h(u) = u**3 - 4*u**2 + 9*u - 9. Determine h(3).
9
Let v(n) = 28*n - 120. Calculate v(7).
76
Let o(b) = b**3 + b**2 + 11. Calculate o(0).
11
Let p(l) = l**3 + 30*l**2 + 27*l - 65. Give p(-29).
-7
Let c(p) = -15*p**2 - 17*p - 16. Give c(-1).
-14
Let h(j) = -j**3 - j**2 + 4*j + 36. Determine h(-5).
116
Let w(i) = -i - 88. What is w(-23)?
-65
Let o(l) = l - 6. Determine o(4).
-2
Let c(a) = 3*a - 33. Give c(6).
-15
Let g(p) = -p - 53. What is g(-24)?
-29
Let l(w) = -w**3 + w**2 - 4*w - 26. What is l(0)?
-26
Let b(y) = y**3 + 7*y**2 + 6*y + 1. Determine b(-4).
25
Let k(b) = -82*b**2. What is k(-1)?
-82
Let x(d) = -6*d + 28. Give x(0).
28
Let n(k) = -k**3 + 26*k**2 + 29*k - 64. Give n(27).
-10
Let o(v) = -2*v**3 + 8*v**2 - 9*v - 3. Determine o(5).
-98
Let a(t) = t**2 + 9*t - 7. Determine a(-12).
29
Let c(j) = 2*j**2 + 15*j + 6. Give c(-6).
-12
Let q(x) = -10*x + 61. What is q(6)?
1
Let l(r) = 29*r**3 - r - 1. Calculate l(-1).
-29
Let b(k) = -4*k - 99. Give b(-23).
-7
Let m(q) = -11*q. Determine m(1).
-11
Let r(l) = -l**2 - 4*l + 1. Calculate r(-5).
-4
Let p(t) = -t**3 + 4*t**2 - 10*t + 8. What is p(2)?
-4
Let j(x) = -2*x**2 - 5*x + 8. Give j(2).
-10
Let x(z) = -5*z**2 - 3*z + 2. What is x(-3)?
-34
Let v(p) = p**3 - 17*p**2 + 14*p + 24. Calculate v(16).
-8
Let w(y) = y + 7. Determine w(-3).
4
Let k(i) = -i**3 - 5*i**2 + 4*i + 14. Determine k(-5).
-6
Let i(h) = -5*h**2 + 30*h - 29. Calculate i(6).
-29
Let j(q) = 3*q**3 + 44*q**2 + 63*q - 31. Calculate j(-13).
-5
Let p(c) = c**2 + 30*c + 39. Calculate p(-29).
10
Let p(v) = v - 4. What is p(-13)?
-17
Let u(a) = -5*a - 20. Determine u(-3).
-5
Let i(r) = -r**3 - 15*r**2 - 16*r - 21. Calculate i(-14).
7
Let t(i) = -15*i + 117. Determine t(8).
-3
Let t(q) = -4*q + 27. What is t(8)?
-5
Let q(f) = -f**3 - 27*f**2 + f + 35. Determine q(-27).
8
Let m(i) = -4*i + 11. Calculate m(4).
-5
Let f(w) = w**2 - 32*w + 156. Give f(27).
21
Let y(m) = 2*m**2 - 13*m + 1. Calculate y(7).
8
Let v(d) = -d**3 + 11*d**2 - 18*d + 1. What is v(9)?
1
Let o(p) = -6*p + 3. Calculate o(-6).
39
Let b(z) = 16*z - 103. Determine b(8).
25
Let s(i) = 2*i - 70. Give s(30).
-10
Let w(y) = y - 52. Give w(22).
-30
Let s(t) = -t**2 - 11*t - 11. Determine s(-9).
7
Let l(w) = -w**3 + 4*w**2 + 26*w + 19. Give l(8).
-29
Let o(r) = -r**3 - 25*r**2 + 51*r - 60. Calculate o(-27).
21
Let z(c) = c**3 - 22*c**2 + 21*c - 6. Calculate z(21).
-6
Let r(y) = 2*y**2 + 24*y + 5. Determine r(-8).
-59
Let f(o) = -o**2 + 25*o - 122. Give f(6).
-8
Let u(n) = 6*n + 28. Give u(-6).
-8
Let w(b) = -b**2 - 9*b - 12. What is w(0)?
-12
Let h(m) = 2*m. What is h(2)?
4
Let b(m) = 3*m**2 - 5*m - 11. Calculate b(5).
39
Let v(k) = k**2 + 3*k - 2. Give v(-5).
8
Let s(m) = -2*m**2 - 2*m + 1. Give s(2).
-11
Let g(h) = -19*h + 3. What is g(2)?
-35
Let n(f) = -2*f**2 - 4*f - 12. What is n(-5)?
-42
Let w(c) = 2*c**2 - 3*c + 1. Calculate w(2).
3
Let c(h) = -h**2 + 24*h + 465. What is c(37)?
-16
Let y(n) = 14*n + 146. Calculate y(-11).
-8
Let j(s) = s**3 - 4*s**2 - s - 18. What is j(5)?
2
Let h(i) = 5*i**2 - 7*i + 6. Give h(1).
4
Let m(r) = -r**2 - 8*r + 7. Give m(12).
-233
Let u(r) = 7*r**2 + 15*r + 5. Determine u(-3).
23
Let q(l) = -4*l**2 + 3*l - 3. Determine q(1).
-4
Let z(o) = o**3 + 7*o**2 - 3*o - 7. Determine z(-4).
53
Let v(b) = b**2 - 31*b + 47. Give v(30).
17
Let u(w) = -6*w + 1. Calculate u(-3).
19
Let m(h) = -h**3 + 6*h**2 + 15*h + 4. Calculate m(7).
60
Let z(c) = -5*c**2 - 45*c - 6. Calculate z(-9).
-6
Let r(q) = 5*q**2 + 45*q + 20. Determine r(-8).
-20
Let s(p) = -p**3 + 6*p**2 - 8*p + 5. What is s(5)?
-10
Let k(y) = y**3 + 12*y**2 + 9*y - 14. Determine k(-11).
8
Let z(u) = -2*u**3 - 6*u**2 - 7*u - 4. Give z(-3).
17
Let d(k) = k**3 + 54*k**2 + 108*k + 202. Give d(-52).
-6
Let b(d) = -d - 2. Give b(-7).
5
Let d(a) = 2*a**2 + 14*a - 12. What is d(1)?
4
Let d(u) = u**3 + u**2 - u + 2. Calculate d(-2).
0
Let n(g) = g**2 + 4*g - 3. Give n(-5).
2
Let j(p) = -6*p + 64. Calculate j(10).
4
Let t(s) = -2*s**2 - 6*s + 7. Give t(-6).
-29
Let g(u) = u**3 + 9*u**2 + 15*u - 3. What is g(-5)?
22
Let a(p) = 2*p - 26. What is a(8)?
-10
Let d(u) = 4*u**3 + 2*u**2 + 2*u + 11. Give d(-4).
-221
Let u(g) = g**2 + 4*g - 12. Give u(-4).
-12
Let m(b) = 11*b - 13. Give m(4).
31
Let o(j) = -j**2 - 3*j + 5. Give o(4).
-23
Let j(v) = v**2 + 24*v + 33. Determine j(-23).
10
Let u(g) = g**2 + 20*g + 39. Determine u(-15).
-36
Let s(g) = -20*g**3 - 9*g**2 + 10*g. What is s(1)?
-19
Let r(l) = 2*l**2 - 3*l - 4. What is r(3)?
5
Let w(t) = -t**3 - t**2 + 3*t + 3. Calculate w(3).
-24
Let o(r) = 9*r - 6. Give o(5).
39
Let t(j) = -j**2 + 15*j + 23. What is t(14)?
37
Let h(s) = -12*s**2 + s. Give h(1).
-11
Let g(l) = l**3 - 5*l**2 - 8*l - 1. Determine g(7).
41
Let p(t) = -t**2 - 27*t - 6. What is p(-27)?
-6
Let v(t) = -t - 2. What is v(-2)?
0
Let y(z) = -z**2 - 19*z + 23. Calculate y(-20).
3
Let a(t) = t**3 + 24*t**2 - 53*t - 31. What is a(-26)?
-5
Let b(k) = 2*k**2 + 5*k - 9. Determine b(-7).
54
Let n(k) = k**3 - 3*k**2 - 3*k - 2. Calculate n(-2).
-16
Let z(f) = 2*f + 32. Calculate z(-14).
4
Let f(k) = -53*k + 271. What is f(5)?
6
Let w(f) = 28*f - 1. What is w(1)?
27
Let h(f) = 2*f**3 - f**2 - 4*f + 5. What is h(3)?
38
Let t(r) = -2*r + 23. What is t(-9)?
41
Let c(o) = o**3 + 2*o**2 - 3*o - 2. Give c(-3).
-2
Let r(z) = -z**3 - 6*z**2 - 4*z - 5. Determine r(-5).
-10
Let u(j) = -j**3 - 6*j**2 + 5*j - 8. Calculate u(-6).
-38
Let f(t) = 5*t + 46. What is f(-6)?
16
Let d(y) = y**3 + 67*y**2 + 62*y - 266. Determine d(-66).
-2
Let f(d) = -90*d - 1087. Give f(-12).
-7
Let a(t) = 5*t + 2. Calculate a(1).
7
Let d(h) = -34*h - 17. Calculate d(0).
-17
Let m(g) = -2*g + 3. What is m(-1)?
5
Let r(f) = -3*f + 47. Give r(18).
-7
Let u(y) = y**2 + 14*y + 4. Give u(-11).
-29
Let c(n) = -n**2 - 8*n - 12. Determine c(-3).
3
Let k(w) = w**3 + 15*w**2 + 27*w + 2. Determine k(-13).
-11
Let r(u) = -11*u + 3. Calculate r(1).
-8
Let d(n) = n**2 + 9*n + 17. Calculate d(-7).
3
Let q(j) = -j**3 - 19*j**2 + 20*j - 7. Give q(-20).
-7
Let f(d) = -46*d - 54. Determine f(-1).
-8
Let r(n) = -n - 4. Calculate r(4).
-8
Let t(s) = -s + 28. Calculate t(-21).
49
Let b(i) = -39*i - 149. Determine b(-4).
7
Let q(n) = -n**3 + 7*n**2 - 15*n + 15. Calculate q(7).
-90
Let x(y) = y + 4. What is x(0)?
4
Let y(b) = -b**2 + 2*b - 3. Give y(2).
-3
Let p(g) = 11*g - 87. Determine p(8).
1
Let f(w) = -w**3 - 15*w**2 - 13*w + 21. What is f(-14)?
7
Let a(y) = y**3 + 13*y**2 + 23*y + 13. Determine a(-11).
2
Let c(f) = -f**2 + 13*f + 15. What is c(12)?
27
Let l(x) = 23*x - 47. Give l(2).
-1
Let v(s) = -10*s - 82. Give v(-9).
8
Let s(t) = t**3 - 12*t**2 + 12*t + 2. Determine s(11).
13
Let a(q) = q**2 - 15*q. Give a(7).
-56
Let g(h) = -24*h - 123. What is g(-5)?
-3
Let z(x) = 28*x + 669. Calcu